0110 (base 2) in base 16?
-46c6
204107 (base 8) to base 7
401150
-3323411 (base 5) to base 13
-20511
-1011111110101000000 (base 2) to base 13
-109873
-1222002013 (base 4) to base 6
-13150411
3366948 (base 10) to base 7
40422114
-63a463 (base 13) to base 8
-10722650
Convert -1dda69 (base 14) to base 10.
-1074957
Convert 4401113 (base 6) to base 16.
35385
Convert -1034433234 (base 5) to base 16.
-228ef3
What is -1011001100100000 (base 2) in base 6?
-552144
What is -1729a77 (base 13) in base 8?
-34501237
What is -31585 (base 10) in base 12?
-16341
-291042 (base 11) to base 2
-1101111001001010000
What is -5606740 (base 9) in base 7?
-34432251
Convert -1001011000111000101001 (base 2) to base 11.
-1431178
Convert 157ba3 (base 12) to base 14.
976d5
-182111 (base 13) to base 8
-2234306
Convert 42330266 (base 7) to base 9.
6666682
Convert -1551ac (base 13) to base 8.
-2002122
Convert -45ac4e (base 16) to base 9.
-8528447
What is 1911d (base 15) in base 16?
13d65
Convert -34236531 (base 7) to base 13.
-8064c9
Convert -45255 (base 13) to base 3.
-20101100020
Convert a3d6 (base 14) to base 10.
28216
What is -198b1b8 (base 12) in base 8?
-24507534
Convert -605514 (base 13) to base 2.
-1000100010110001110101
-6172242 (base 9) to base 14
-61ac92
-2120212020 (base 3) to base 7
-301323
Convert 92be (base 15) to base 11.
21326
What is -426203 (base 7) in base 5?
-4333224
Convert -1b3491 (base 14) to base 9.
-1736860
13430122 (base 5) to base 13
4b5c0
Convert 372846 (base 9) to base 11.
144238
Convert -144300204 (base 5) to base 2.
-10111101001110001110
-319543a (base 13) to base 14
-2018543
12903f (base 16) to base 11
761038
What is -789c06 (base 14) in base 10?
-4099150
Convert 5322570 (base 8) to base 5.
330343431
Convert 1021135 (base 7) to base 8.
357765
-5b66b (base 15) to base 5
-33313301
What is -50231020 (base 6) in base 4?
-11122201110
Convert 55400555 (base 6) to base 9.
3115858
-1a0542 (base 14) to base 9
-1656130
What is -30357116 (base 8) in base 11?
-3690950
-2a50593 (base 12) to base 5
-4143033144
-1961b4 (base 14) to base 15
-12bbab
Convert 1804578 (base 11) to base 8.
13544177
Convert 9c50 (base 13) to base 3.
1002222212
What is -2035356 (base 7) in base 3?
-110102021000
Convert d028b0 (base 15) to base 14.
1452b26
What is 120200020021102 (base 3) in base 11?
477a8a7
Convert 2769913 (base 10) to base 9.
5181541
Convert 1e532 (base 16) to base 13.
446c8
What is 11304334 (base 5) in base 16?
19527
Convert -989801 (base 11) to base 8.
-6015017
-530613 (base 7) to base 9
-148513
1904d (base 14) to base 3
10012200001
Convert 1e3d7 (base 16) to base 8.
361727
3522112 (base 7) to base 2
1101100000010100000
-75106 (base 14) to base 12
-117816
What is -22214314 (base 5) in base 16?
-2f98f
Convert -31116124 (base 8) to base 6.
-353154004
What is -43048b8 (base 12) in base 8?
-60342014
813386 (base 10) to base 12
332862
What is 13110121221 (base 4) in base 16?
1d4669
-b3b6d (base 14) to base 10
-433061
Convert -5508 (base 11) to base 3.
-100222012
What is -2510145 (base 6) in base 8?
-404661
What is 3237a9 (base 12) in base 6?
25005133
What is -d3ba (base 15) in base 13?
-17485
d2995 (base 16) to base 5
210100423
201201211122 (base 3) to base 7
3205322
What is 110212222111 (base 3) in base 8?
757356
What is 201321233022 (base 4) in base 7?
135353220
-11112110112 (base 3) to base 6
-1525152
Convert cd027 (base 15) to base 13.
19a668
What is 1544555 (base 6) in base 2?
10110011010010111
-342a8a (base 11) to base 13
-1614bc
Convert -1808102 (base 9) to base 4.
-3312201110
What is -53700 (base 9) in base 5?
-2114214
1121310 (base 6) to base 11
3a100
Convert -558d4 (base 15) to base 16.
-4267f
-43024302 (base 5) to base 3
-200100110212
11101110001010111111100 (base 2) to base 3
112200111122022
Convert -8225681 (base 9) to base 7.
-52200643
What is -3684696 (base 11) in base 2?
-11000011011100010110000
66104 (base 10) to base 13
2411c
What is 3313311300 (base 4) in base 16?
f7d70
What is 1977917 (base 10) in base 15?
2910b2
What is 1000011010010010110 (base 2) in base 9?
460048
What is 16002 (base 8) in base 2?
1110000000010
What is 7054 (base 8) in base 13?
1861
Convert 10001001000110011010 (base 2) to base 8.
2110632
Convert 101011010110100100 (base 2) to base 13.
62a95
What is -708a3 (base 11) in base 8?
-312220
-7244345 (base 8) to base 6
-105045113
Convert -3453616 (base 7) to base 6.
-13143004
What is 1101111101010011 (base 2) in base 15?
11e16
-40200555 (base 7) to base 12
-1145b73
Convert -10130121320 (base 4) to base 10.
-1164920
What is -12550305 (base 6) in base 12?
-182395
Convert -12131031 (base 5) to base 14.
-2da3a
Convert 5412232 (base 7) to base 13.
1a0a6a
1299257 (base 10) to base 13
3664bb
Convert -5444654 (base 7) to base 2.
-10100010110010011110
What is -a38a0 (base 11) in base 10?
-151481
Convert -1462935 (base 14) to base 2.
-100101110101100010100011
2491245 (base 10) to base 6
125221313
11021122012222 (base 3) to base 13
619007
46238 (base 13) to base 5
13042221
Convert 342541 (base 13) to base 2.
100101101001000000111
1110100110100111110 (base 2) to base 7
4032056
6660062 (base 7) to base 13
229a12
What is 2044525 (base 6) in base 11?
68887
What is 11111100000111000000 (base 2) in base 15?
155e7a
191b3a (base 13) to base 7
5242604
What is -116cc (base 14) in base 3?
-2011022200
3b056 (base 14) to base 12
70258
What is 2045411 (base 6) in base 5?
11142402
Convert a66e (base 15) to base 10.
35204
What is 44244543 (base 6) in base 13?
376704
What is -fd7005 (base 16) in base 11?
-9414890
2700164 (base 11) to base 13
c76c14
Convert 1245442 (base 6) to base 13.
25322
What is 2323044 (base 6) in base 9?
202431
-213220113 (base 4) to base 12
-79b33
4510304 (base 6) to base 15
47377
Convert -33788a (base 11) to base 3.
-1000022020220
What is -11431034 (base 5) in base 15?
-2212e
What is -4501211 (base 6) in base 7?
-1630210
Convert -2230121302 (base 4) to base 8.
-2543162
2337192 (base 12) to base 2
11001111010011100111110
What is -143316 (base 14) in base 15?
-dc788
Convert 10331440233 (base 5) to base 16.
aaf008
What is -11122332121 (base 4) in base 6?
-50243401
What is -210200111002002 (base 3) in base 13?
-25064b4
Convert 101011020113 (base 4) to base 15.
5d69c8
12202200120 (base 3) to base 12
55820
Convert -20021121212212 (base 3) to base 5.
-1323314420
What is 1604735 (base 9) in base 16?
d91a2
320221222 (base 4) to base 8
705152
Convert 762615 (base 8) to base 10.
255373
Convert 156f8 (base 16) to base 14.
23dd6
Convert -1012221112120 (base 3) to base 5.
-131222344
-246104 (base 12) to base 10
-591124
What is 210233433 (base 5) in base 13?
245109
Convert 11111110111001001 (base 2) to base 3.
20122000112
What is 101333 (base 7) in base 16?
43a9
What is -5480802 (base 11) in base 6?
-542105311
What is -2244253 (base 6) in base 12?
-56689
What is -131b1 (base 14) in base 7?
-254011
21124330 (base 5) to base 7
1334366
Convert 103264225 (base 7) to base 2.
10111100001101011011001
-2130000310 (base 4) to base 3
-1012110120201
What is -3a46d (base 16) in base 12?
-b6179
-1010120001101 (base 3) to base 2
-10010010110101110110
What is 22243405 (base 7) in base 3?
10121220010011
Convert -1199193 (base 11) to base 5.
-1012422313
What is 1000011000001010000101 (base 2) in base 4?
20120022011
What is -43202044 (base 6) in base 8?
-4673514
-2020302110 (base 4) to base 3
-1001110112222
Convert -511bab (base 12) to base 9.
-2342745
Convert 2120120122010 (base 3) to base 2.
101001110010110110100
What is -1210022111 (base 3) in base 10?
-35221
What is 7401d (base 14) in base 4?
1010111223
What is -107965 (base 13) in base 6?
-12153324
-50423024 (base 6) to base 11
-89a463
939778 (base 12) to base 6
121405032
What is 10110001101100010100 (base 2) in base 12?
2b1244
-150562 (base 11) to base 2
-111001010110110001
What is 2241514 (base 6) in base 14?
2d9d4
What is -4965 (base 14) in base 11?
-9703
-720728 (base 9) to base 5
-102131213
-2369135 (base 10) to base 14
-45955d
What is 57345505 (base 8) in base 9?
25357168
What is -8822f8 (base 16) in base 3?
-121210021110211
Convert 4c5ca (base 13) to base 10.
141619
What is 19d66c (base 15) in base 2?
100110011101100100111
-509539 (base 10) to base 9
-855854
4437221 (base 8) to base 16
123e91
42deb (base 15